{"id":32,"date":"2024-10-10T12:25:38","date_gmt":"2024-10-10T10:25:38","guid":{"rendered":"https:\/\/raporty.verymat.ch\/?page_id=32"},"modified":"2024-10-10T14:01:45","modified_gmt":"2024-10-10T12:01:45","slug":"radar-q3-2024","status":"publish","type":"page","link":"https:\/\/raporty.verymat.ch\/","title":{"rendered":"Radar Q3 2024"},"content":{"rendered":"<p>[et_pb_section fb_built=&#8221;1&#8243; admin_label=&#8221;Hero&#8221; _builder_version=&#8221;4.16&#8243; overflow-x=&#8221;hidden&#8221; overflow-y=&#8221;hidden&#8221; global_colors_info=&#8221;{}&#8221;][et_pb_row column_structure=&#8221;3_5,2_5&#8243; _builder_version=&#8221;4.16&#8243; global_colors_info=&#8221;{}&#8221;][et_pb_column type=&#8221;3_5&#8243; _builder_version=&#8221;4.16&#8243; z_index=&#8221;11&#8243; custom_padding=&#8221;120px||||false|false&#8221; custom_padding_tablet=&#8221;0px||||false|false&#8221; custom_padding_phone=&#8221;&#8221; custom_padding_last_edited=&#8221;on|tablet&#8221; global_colors_info=&#8221;{}&#8221;][et_pb_image src=&#8221;http:\/\/raporty.verymat.ch\/wp-content\/uploads\/2024\/10\/Untitled-design-2.png&#8221; title_text=&#8221;Untitled design (2)&#8221; _builder_version=&#8221;4.27.2&#8243; _module_preset=&#8221;default&#8221; global_colors_info=&#8221;{}&#8221;][\/et_pb_image][et_pb_text _builder_version=&#8221;4.27.2&#8243; text_font=&#8221;Rubik||||||||&#8221; text_font_size=&#8221;18px&#8221; text_line_height=&#8221;2em&#8221; header_font=&#8221;Rubik|500|||||||&#8221; header_text_color=&#8221;#1a3066&#8243; header_font_size=&#8221;54px&#8221; header_line_height=&#8221;1.3em&#8221; text_font_size_tablet=&#8221;16px&#8221; text_font_size_phone=&#8221;14px&#8221; text_font_size_last_edited=&#8221;on|phone&#8221; header_font_size_tablet=&#8221;44px&#8221; header_font_size_phone=&#8221;26px&#8221; header_font_size_last_edited=&#8221;on|phone&#8221; global_colors_info=&#8221;{}&#8221;]<\/p>\n<h1>Radar Ofert IT w Polsce Q3 2024<\/h1>\n<p>[\/et_pb_text][et_pb_button button_text=&#8221;POBIERZ RAPORT&#8221; disabled_on=&#8221;on|on|on&#8221; _builder_version=&#8221;4.27.2&#8243; custom_button=&#8221;on&#8221; button_text_size=&#8221;18px&#8221; button_text_color=&#8221;#1A3066&#8243; button_bg_color=&#8221;#ffcc57&#8243; button_border_width=&#8221;0px&#8221; button_border_radius=&#8221;100px&#8221; button_font=&#8221;Rubik|500||on|||||&#8221; custom_padding=&#8221;16px|40px|16px|40px|true|true&#8221; button_text_size_tablet=&#8221;&#8221; button_text_size_phone=&#8221;14px&#8221; button_text_size_last_edited=&#8221;on|phone&#8221; disabled=&#8221;on&#8221; global_colors_info=&#8221;{}&#8221;][\/et_pb_button][\/et_pb_column][et_pb_column type=&#8221;2_5&#8243; _builder_version=&#8221;4.16&#8243; global_colors_info=&#8221;{}&#8221;][et_pb_image src=&#8221;http:\/\/raporty.verymat.ch\/wp-content\/uploads\/2024\/10\/Simple-Clean-Tablet-Mockup-Technology-Digital-Art-Youtube-Thumbnail-3.png&#8221; title_text=&#8221;Simple Clean Tablet Mockup Technology Digital Art Youtube Thumbnail (3)&#8221; _builder_version=&#8221;4.27.2&#8243; custom_margin=&#8221;|-20vw||-50%|false|false&#8221; custom_margin_tablet=&#8221;|0px||0px|false|true&#8221; custom_margin_phone=&#8221;&#8221; custom_margin_last_edited=&#8221;on|phone&#8221; global_colors_info=&#8221;{}&#8221;][\/et_pb_image][\/et_pb_column][\/et_pb_row][et_pb_row column_structure=&#8221;1_5,3_5,1_5&#8243; _builder_version=&#8221;4.27.2&#8243; _module_preset=&#8221;default&#8221; global_colors_info=&#8221;{}&#8221;][et_pb_column type=&#8221;1_5&#8243; _builder_version=&#8221;4.27.2&#8243; _module_preset=&#8221;default&#8221; global_colors_info=&#8221;{}&#8221;][\/et_pb_column][et_pb_column type=&#8221;3_5&#8243; _builder_version=&#8221;4.27.2&#8243; _module_preset=&#8221;default&#8221; global_colors_info=&#8221;{}&#8221;][et_pb_signup provider=&#8221;mailerlite&#8221; mailerlite_list=&#8221;raport Q3|134710432487179694&#8243; last_name_field=&#8221;off&#8221; use_custom_fields=&#8221;on&#8221; success_action=&#8221;redirect&#8221; success_redirect_url=&#8221;https:\/\/raporty.verymat.ch\/index.php\/108-2\/&#8221; button_text=&#8221;POBIERZ RADAR&#8221; _builder_version=&#8221;4.27.2&#8243; _module_preset=&#8221;default&#8221; background_color=&#8221;#6f3898&#8243; custom_button=&#8221;on&#8221; button_text_size=&#8221;22px&#8221; button_text_color=&#8221;#000000&#8243; button_bg_color=&#8221;#ffcc57&#8243; button_border_width=&#8221;0px&#8221; button_font=&#8221;Montserrat|600|||||||&#8221; global_colors_info=&#8221;{}&#8221;][et_pb_signup_custom_field field_id=&#8221;Field_1&#8243; field_type=&#8221;checkbox&#8221; checkbox_options=&#8221;%91{%22value%22:%22Wyra\u017cam zgod\u0119 na otrzymywanie od Verymat.ch sp. z o.o. newslettera z informacjami o rynku HR w IT oraz ofert handlowych i marketingowych dotycz\u0105cych us\u0142ug Verymat.ch sp. z o.o. za pomoc\u0105 poczty elektronicznej. Podanie danych osobowych jest dobrowolne, ale niezb\u0119dne do otrzymania Radaru Ofert IT  Q3 2024 oraz bie\u017c\u0105cych informacji o rynku IT i ofertach Verymat.ch sp. z o.o..%22,%22checked%22:0,%22dragID%22:-1}%93&#8243; _builder_version=&#8221;4.27.2&#8243; _module_preset=&#8221;default&#8221; global_colors_info=&#8221;{}&#8221;][\/et_pb_signup_custom_field][\/et_pb_signup][\/et_pb_column][et_pb_column type=&#8221;1_5&#8243; _builder_version=&#8221;4.27.2&#8243; _module_preset=&#8221;default&#8221; global_colors_info=&#8221;{}&#8221;][\/et_pb_column][\/et_pb_row][\/et_pb_section][et_pb_section fb_built=&#8221;1&#8243; disabled_on=&#8221;on|on|on&#8221; admin_label=&#8221;About&#8221; _builder_version=&#8221;4.16&#8243; disabled=&#8221;on&#8221; global_colors_info=&#8221;{}&#8221;][et_pb_row column_structure=&#8221;1_2,1_2&#8243; _builder_version=&#8221;4.16&#8243; global_colors_info=&#8221;{}&#8221;][et_pb_column type=&#8221;1_2&#8243; _builder_version=&#8221;4.16&#8243; global_colors_info=&#8221;{}&#8221;][et_pb_divider color=&#8221;#6E98F2&#8243; divider_weight=&#8221;8px&#8221; _builder_version=&#8221;4.16&#8243; max_width=&#8221;40px&#8221; global_colors_info=&#8221;{}&#8221;][\/et_pb_divider][et_pb_text _builder_version=&#8221;4.16&#8243; header_font=&#8221;Rubik|500|||||||&#8221; header_text_color=&#8221;#1a3066&#8243; header_font_size=&#8221;54px&#8221; header_line_height=&#8221;1.3em&#8221; header_2_font=&#8221;Rubik|500|||||||&#8221; header_2_text_color=&#8221;#1a3066&#8243; header_2_font_size=&#8221;38px&#8221; header_2_line_height=&#8221;1.3em&#8221; header_font_size_tablet=&#8221;44px&#8221; header_font_size_phone=&#8221;34px&#8221; header_font_size_last_edited=&#8221;on|phone&#8221; header_2_font_size_tablet=&#8221;30px&#8221; header_2_font_size_phone=&#8221;24px&#8221; header_2_font_size_last_edited=&#8221;on|phone&#8221; locked=&#8221;off&#8221; global_colors_info=&#8221;{}&#8221;]<\/p>\n<h2>The Translation Company You Need For Translate<\/h2>\n<p>[\/et_pb_text][et_pb_image src=&#8221;http:\/\/raporty.verymat.ch\/wp-content\/uploads\/2024\/10\/interpreter-30.png&#8221; title_text=&#8221;interpreter-30&#8243; _builder_version=&#8221;4.16&#8243; custom_margin=&#8221;|||-8vw|false|false&#8221; custom_margin_tablet=&#8221;|||0px|false|false&#8221; custom_margin_phone=&#8221;&#8221; custom_margin_last_edited=&#8221;on|phone&#8221; global_colors_info=&#8221;{}&#8221;][\/et_pb_image][\/et_pb_column][et_pb_column type=&#8221;1_2&#8243; _builder_version=&#8221;4.16&#8243; global_colors_info=&#8221;{}&#8221;][et_pb_blurb title=&#8221;Human Translations Are Always More Effective&#8221; image=&#8221;http:\/\/raporty.verymat.ch\/wp-content\/uploads\/2024\/10\/interpreter-icon-26.png&#8221; icon_alignment=&#8221;left&#8221; content_max_width=&#8221;100%&#8221; _builder_version=&#8221;4.16&#8243; header_font=&#8221;Rubik|500|||||||&#8221; header_text_color=&#8221;#1a3066&#8243; header_font_size=&#8221;20px&#8221; header_line_height=&#8221;1.3em&#8221; body_font=&#8221;Rubik||||||||&#8221; body_font_size=&#8221;16px&#8221; body_line_height=&#8221;2em&#8221; animation=&#8221;off&#8221; body_font_size_tablet=&#8221;&#8221; body_font_size_phone=&#8221;14px&#8221; body_font_size_last_edited=&#8221;on|phone&#8221; global_colors_info=&#8221;{}&#8221;]<\/p>\n<p>Etiam dictum ultricies risus, eu molestie est sodales et. Proin sed elementum sapien. Fusce congue ante vitae est luctus ultric.<\/p>\n<p>[\/et_pb_blurb][et_pb_blurb title=&#8221;Trusted by 100s of companies and clients&#8221; image=&#8221;http:\/\/raporty.verymat.ch\/wp-content\/uploads\/2024\/10\/interpreter-icon-18.png&#8221; icon_alignment=&#8221;left&#8221; content_max_width=&#8221;100%&#8221; _builder_version=&#8221;4.16&#8243; header_font=&#8221;Rubik|500|||||||&#8221; header_text_color=&#8221;#1a3066&#8243; header_font_size=&#8221;20px&#8221; header_line_height=&#8221;1.3em&#8221; body_font=&#8221;Rubik||||||||&#8221; body_font_size=&#8221;16px&#8221; body_line_height=&#8221;2em&#8221; animation=&#8221;off&#8221; body_font_size_tablet=&#8221;&#8221; body_font_size_phone=&#8221;14px&#8221; body_font_size_last_edited=&#8221;on|phone&#8221; locked=&#8221;off&#8221; global_colors_info=&#8221;{}&#8221;]<\/p>\n<p>Etiam dictum ultricies risus, eu molestie est sodales et. Proin sed elementum sapien. Fusce congue ante vitae est luctus ultri<\/p>\n<p>[\/et_pb_blurb][et_pb_blurb title=&#8221;Let Our Professionals Take Care of the Rest&#8221; image=&#8221;http:\/\/raporty.verymat.ch\/wp-content\/uploads\/2024\/10\/interpreter-icon-16.png&#8221; icon_alignment=&#8221;left&#8221; content_max_width=&#8221;100%&#8221; _builder_version=&#8221;4.16&#8243; header_font=&#8221;Rubik|500|||||||&#8221; header_text_color=&#8221;#1a3066&#8243; header_font_size=&#8221;20px&#8221; header_line_height=&#8221;1.3em&#8221; body_font=&#8221;Rubik||||||||&#8221; body_font_size=&#8221;16px&#8221; body_line_height=&#8221;2em&#8221; animation=&#8221;off&#8221; body_font_size_tablet=&#8221;&#8221; body_font_size_phone=&#8221;14px&#8221; body_font_size_last_edited=&#8221;on|phone&#8221; locked=&#8221;off&#8221; global_colors_info=&#8221;{}&#8221;]<\/p>\n<p>Curabitur elementum semper convallis. Suspendisse ut nisi vel libero interdum finibus. Morbi vel dui leo. Vestibulum<\/p>\n<p>[\/et_pb_blurb][\/et_pb_column][\/et_pb_row][\/et_pb_section]<\/p>\n","protected":false},"excerpt":{"rendered":"<p>Radar Ofert IT w Polsce Q3 2024The Translation Company You Need For TranslateEtiam dictum ultricies risus, eu molestie est sodales et. Proin sed elementum sapien. Fusce congue ante vitae est luctus ultric.Etiam dictum ultricies risus, eu molestie est sodales et. Proin sed elementum sapien. Fusce congue ante vitae est luctus ultriCurabitur elementum semper convallis. Suspendisse [&hellip;]<\/p>\n","protected":false},"author":1,"featured_media":0,"parent":0,"menu_order":0,"comment_status":"closed","ping_status":"closed","template":"","meta":{"_et_pb_use_builder":"on","_et_pb_old_content":"","_et_gb_content_width":"","footnotes":""},"class_list":["post-32","page","type-page","status-publish","hentry"],"_links":{"self":[{"href":"https:\/\/raporty.verymat.ch\/index.php\/wp-json\/wp\/v2\/pages\/32","targetHints":{"allow":["GET"]}}],"collection":[{"href":"https:\/\/raporty.verymat.ch\/index.php\/wp-json\/wp\/v2\/pages"}],"about":[{"href":"https:\/\/raporty.verymat.ch\/index.php\/wp-json\/wp\/v2\/types\/page"}],"author":[{"embeddable":true,"href":"https:\/\/raporty.verymat.ch\/index.php\/wp-json\/wp\/v2\/users\/1"}],"replies":[{"embeddable":true,"href":"https:\/\/raporty.verymat.ch\/index.php\/wp-json\/wp\/v2\/comments?post=32"}],"version-history":[{"count":8,"href":"https:\/\/raporty.verymat.ch\/index.php\/wp-json\/wp\/v2\/pages\/32\/revisions"}],"predecessor-version":[{"id":132,"href":"https:\/\/raporty.verymat.ch\/index.php\/wp-json\/wp\/v2\/pages\/32\/revisions\/132"}],"wp:attachment":[{"href":"https:\/\/raporty.verymat.ch\/index.php\/wp-json\/wp\/v2\/media?parent=32"}],"curies":[{"name":"wp","href":"https:\/\/api.w.org\/{rel}","templated":true}]}}